{"id":504,"date":"2024-06-24T11:00:49","date_gmt":"2024-06-24T14:00:49","guid":{"rendered":"https:\/\/www.morex.cl\/?post_type=product&#038;p=504"},"modified":"2025-04-22T12:40:44","modified_gmt":"2025-04-22T15:40:44","slug":"caja-pau-reversible","status":"publish","type":"product","link":"https:\/\/www.morex.cl\/redes\/producto\/caja-pau-reversible\/","title":{"rendered":"Caja Pau Reversible"},"content":{"rendered":"","protected":false},"excerpt":{"rendered":"<p>Fabricadas acorde a la Norma T\u00e9cnica de Ley 20.808 de la Subsecretar\u00eda de Telecomunicaciones SUBTEL.<br \/>\nCaja met\u00e1lica para embutir, fabricada en acero SAE1010 y recubierto con pintura termo convertible ep\u00f3xica.<\/p>\n<p><a class=\"nectar-button large regular extra-color-1 regular-button\" style=\"visibility: visible;\" href=\"https:\/\/www.morex.cl\/redes\/wp-content\/uploads\/2024\/06\/CAJA-CTR-O-PAU-RV.pdf\" data-color-override=\"false\" data-hover-color-override=\"false\" data-hover-text-color-override=\"#fff\">Ficha T\u00e9cnica<\/a><\/p>\n","protected":false},"featured_media":506,"comment_status":"open","ping_status":"closed","template":"","meta":[],"product_brand":[],"product_cat":[39],"product_tag":[],"class_list":{"0":"post-504","1":"product","2":"type-product","3":"status-publish","4":"has-post-thumbnail","6":"product_cat-ley-de-ductos","8":"first","9":"instock","10":"shipping-taxable","11":"purchasable","12":"product-type-variable"},"yoast_head":"<!-- This site is optimized with the Yoast SEO plugin v27.3 - https:\/\/yoast.com\/product\/yoast-seo-wordpress\/ -->\n<title>Caja Pau Reversible - Morex<\/title>\n<meta name=\"robots\" content=\"index, follow, max-snippet:-1, max-image-preview:large, max-video-preview:-1\" \/>\n<link rel=\"canonical\" href=\"https:\/\/www.morex.cl\/redes\/producto\/caja-pau-reversible\/\" \/>\n<meta property=\"og:locale\" content=\"es_ES\" \/>\n<meta property=\"og:type\" content=\"article\" \/>\n<meta property=\"og:title\" content=\"Caja Pau Reversible - Morex\" \/>\n<meta property=\"og:description\" content=\"Fabricadas acorde a la Norma T\u00e9cnica de Ley 20.808 de la Subsecretar\u00eda de Telecomunicaciones SUBTEL. Caja met\u00e1lica para embutir, fabricada en acero SAE1010 y recubierto con pintura termo convertible ep\u00f3xica.  Ficha T\u00e9cnica\" \/>\n<meta property=\"og:url\" content=\"https:\/\/www.morex.cl\/redes\/producto\/caja-pau-reversible\/\" \/>\n<meta property=\"og:site_name\" content=\"Morex\" \/>\n<meta property=\"article:modified_time\" content=\"2025-04-22T15:40:44+00:00\" \/>\n<meta property=\"og:image\" content=\"https:\/\/www.morex.cl\/redes\/wp-content\/uploads\/2024\/06\/Pau-500x600-cerrada-morex.png\" \/>\n\t<meta property=\"og:image:width\" content=\"800\" \/>\n\t<meta property=\"og:image:height\" content=\"800\" \/>\n\t<meta property=\"og:image:type\" content=\"image\/png\" \/>\n<meta name=\"twitter:card\" content=\"summary_large_image\" \/>\n<script type=\"application\/ld+json\" class=\"yoast-schema-graph\">{\"@context\":\"https:\\\/\\\/schema.org\",\"@graph\":[{\"@type\":\"WebPage\",\"@id\":\"https:\\\/\\\/www.morex.cl\\\/redes\\\/producto\\\/caja-pau-reversible\\\/\",\"url\":\"https:\\\/\\\/www.morex.cl\\\/redes\\\/producto\\\/caja-pau-reversible\\\/\",\"name\":\"Caja Pau Reversible - Morex\",\"isPartOf\":{\"@id\":\"https:\\\/\\\/www.morex.cl\\\/redes\\\/#website\"},\"primaryImageOfPage\":{\"@id\":\"https:\\\/\\\/www.morex.cl\\\/redes\\\/producto\\\/caja-pau-reversible\\\/#primaryimage\"},\"image\":{\"@id\":\"https:\\\/\\\/www.morex.cl\\\/redes\\\/producto\\\/caja-pau-reversible\\\/#primaryimage\"},\"thumbnailUrl\":\"https:\\\/\\\/www.morex.cl\\\/redes\\\/wp-content\\\/uploads\\\/2024\\\/06\\\/Pau-500x600-cerrada-morex.png\",\"datePublished\":\"2024-06-24T14:00:49+00:00\",\"dateModified\":\"2025-04-22T15:40:44+00:00\",\"breadcrumb\":{\"@id\":\"https:\\\/\\\/www.morex.cl\\\/redes\\\/producto\\\/caja-pau-reversible\\\/#breadcrumb\"},\"inLanguage\":\"es\",\"potentialAction\":[{\"@type\":\"ReadAction\",\"target\":[\"https:\\\/\\\/www.morex.cl\\\/redes\\\/producto\\\/caja-pau-reversible\\\/\"]}]},{\"@type\":\"ImageObject\",\"inLanguage\":\"es\",\"@id\":\"https:\\\/\\\/www.morex.cl\\\/redes\\\/producto\\\/caja-pau-reversible\\\/#primaryimage\",\"url\":\"https:\\\/\\\/www.morex.cl\\\/redes\\\/wp-content\\\/uploads\\\/2024\\\/06\\\/Pau-500x600-cerrada-morex.png\",\"contentUrl\":\"https:\\\/\\\/www.morex.cl\\\/redes\\\/wp-content\\\/uploads\\\/2024\\\/06\\\/Pau-500x600-cerrada-morex.png\",\"width\":800,\"height\":800},{\"@type\":\"BreadcrumbList\",\"@id\":\"https:\\\/\\\/www.morex.cl\\\/redes\\\/producto\\\/caja-pau-reversible\\\/#breadcrumb\",\"itemListElement\":[{\"@type\":\"ListItem\",\"position\":1,\"name\":\"Portada\",\"item\":\"https:\\\/\\\/www.morex.cl\\\/redes\\\/\"},{\"@type\":\"ListItem\",\"position\":2,\"name\":\"Tienda\",\"item\":\"https:\\\/\\\/www.morex.cl\\\/redes\\\/tienda\\\/\"},{\"@type\":\"ListItem\",\"position\":3,\"name\":\"Caja Pau Reversible\"}]},{\"@type\":\"WebSite\",\"@id\":\"https:\\\/\\\/www.morex.cl\\\/redes\\\/#website\",\"url\":\"https:\\\/\\\/www.morex.cl\\\/redes\\\/\",\"name\":\"Morex\",\"description\":\"Servicios Metalmec\u00e1nicos\",\"potentialAction\":[{\"@type\":\"SearchAction\",\"target\":{\"@type\":\"EntryPoint\",\"urlTemplate\":\"https:\\\/\\\/www.morex.cl\\\/redes\\\/?s={search_term_string}\"},\"query-input\":{\"@type\":\"PropertyValueSpecification\",\"valueRequired\":true,\"valueName\":\"search_term_string\"}}],\"inLanguage\":\"es\"}]}<\/script>\n<!-- \/ Yoast SEO plugin. -->","yoast_head_json":{"title":"Caja Pau Reversible - Morex","robots":{"index":"index","follow":"follow","max-snippet":"max-snippet:-1","max-image-preview":"max-image-preview:large","max-video-preview":"max-video-preview:-1"},"canonical":"https:\/\/www.morex.cl\/redes\/producto\/caja-pau-reversible\/","og_locale":"es_ES","og_type":"article","og_title":"Caja Pau Reversible - Morex","og_description":"Fabricadas acorde a la Norma T\u00e9cnica de Ley 20.808 de la Subsecretar\u00eda de Telecomunicaciones SUBTEL. Caja met\u00e1lica para embutir, fabricada en acero SAE1010 y recubierto con pintura termo convertible ep\u00f3xica.  Ficha T\u00e9cnica","og_url":"https:\/\/www.morex.cl\/redes\/producto\/caja-pau-reversible\/","og_site_name":"Morex","article_modified_time":"2025-04-22T15:40:44+00:00","og_image":[{"width":800,"height":800,"url":"https:\/\/www.morex.cl\/redes\/wp-content\/uploads\/2024\/06\/Pau-500x600-cerrada-morex.png","type":"image\/png"}],"twitter_card":"summary_large_image","schema":{"@context":"https:\/\/schema.org","@graph":[{"@type":"WebPage","@id":"https:\/\/www.morex.cl\/redes\/producto\/caja-pau-reversible\/","url":"https:\/\/www.morex.cl\/redes\/producto\/caja-pau-reversible\/","name":"Caja Pau Reversible - Morex","isPartOf":{"@id":"https:\/\/www.morex.cl\/redes\/#website"},"primaryImageOfPage":{"@id":"https:\/\/www.morex.cl\/redes\/producto\/caja-pau-reversible\/#primaryimage"},"image":{"@id":"https:\/\/www.morex.cl\/redes\/producto\/caja-pau-reversible\/#primaryimage"},"thumbnailUrl":"https:\/\/www.morex.cl\/redes\/wp-content\/uploads\/2024\/06\/Pau-500x600-cerrada-morex.png","datePublished":"2024-06-24T14:00:49+00:00","dateModified":"2025-04-22T15:40:44+00:00","breadcrumb":{"@id":"https:\/\/www.morex.cl\/redes\/producto\/caja-pau-reversible\/#breadcrumb"},"inLanguage":"es","potentialAction":[{"@type":"ReadAction","target":["https:\/\/www.morex.cl\/redes\/producto\/caja-pau-reversible\/"]}]},{"@type":"ImageObject","inLanguage":"es","@id":"https:\/\/www.morex.cl\/redes\/producto\/caja-pau-reversible\/#primaryimage","url":"https:\/\/www.morex.cl\/redes\/wp-content\/uploads\/2024\/06\/Pau-500x600-cerrada-morex.png","contentUrl":"https:\/\/www.morex.cl\/redes\/wp-content\/uploads\/2024\/06\/Pau-500x600-cerrada-morex.png","width":800,"height":800},{"@type":"BreadcrumbList","@id":"https:\/\/www.morex.cl\/redes\/producto\/caja-pau-reversible\/#breadcrumb","itemListElement":[{"@type":"ListItem","position":1,"name":"Portada","item":"https:\/\/www.morex.cl\/redes\/"},{"@type":"ListItem","position":2,"name":"Tienda","item":"https:\/\/www.morex.cl\/redes\/tienda\/"},{"@type":"ListItem","position":3,"name":"Caja Pau Reversible"}]},{"@type":"WebSite","@id":"https:\/\/www.morex.cl\/redes\/#website","url":"https:\/\/www.morex.cl\/redes\/","name":"Morex","description":"Servicios Metalmec\u00e1nicos","potentialAction":[{"@type":"SearchAction","target":{"@type":"EntryPoint","urlTemplate":"https:\/\/www.morex.cl\/redes\/?s={search_term_string}"},"query-input":{"@type":"PropertyValueSpecification","valueRequired":true,"valueName":"search_term_string"}}],"inLanguage":"es"}]}},"_links":{"self":[{"href":"https:\/\/www.morex.cl\/redes\/wp-json\/wp\/v2\/product\/504","targetHints":{"allow":["GET"]}}],"collection":[{"href":"https:\/\/www.morex.cl\/redes\/wp-json\/wp\/v2\/product"}],"about":[{"href":"https:\/\/www.morex.cl\/redes\/wp-json\/wp\/v2\/types\/product"}],"replies":[{"embeddable":true,"href":"https:\/\/www.morex.cl\/redes\/wp-json\/wp\/v2\/comments?post=504"}],"wp:featuredmedia":[{"embeddable":true,"href":"https:\/\/www.morex.cl\/redes\/wp-json\/wp\/v2\/media\/506"}],"wp:attachment":[{"href":"https:\/\/www.morex.cl\/redes\/wp-json\/wp\/v2\/media?parent=504"}],"wp:term":[{"taxonomy":"product_brand","embeddable":true,"href":"https:\/\/www.morex.cl\/redes\/wp-json\/wp\/v2\/product_brand?post=504"},{"taxonomy":"product_cat","embeddable":true,"href":"https:\/\/www.morex.cl\/redes\/wp-json\/wp\/v2\/product_cat?post=504"},{"taxonomy":"product_tag","embeddable":true,"href":"https:\/\/www.morex.cl\/redes\/wp-json\/wp\/v2\/product_tag?post=504"}],"curies":[{"name":"wp","href":"https:\/\/api.w.org\/{rel}","templated":true}]}}